ed by 142?
139
Calculate the remainder when 11466238 is divided by 49.
42
Calculate the remainder when 24311 is divided by 682.
441
What is the remainder when 452776 is divided by 7159?
1759
Calculate the remainder when 49280153 is divided by 66.
65
What is the remainder when 228982 is divided by 166?
68
Calculate the remainder when 4299653 is divided by 1724.
1721
What is the remainder when 640943 is divided by 206?
77
Calculate the remainder when 393028 is divided by 318.
298
What is the remainder when 1042632 is divided by 6719?
1187
What is the remainder when 280983292 is divided by 11155?
11152
What is the remainder when 59314 is divided by 2518?
1400
What is the remainder when 1207284 is divided by 1048?
1036
Calculate the remainder when 8204347 is divided by 385.
382
Calculate the remainder when 71004 is divided by 1203.
27
What is the remainder when 26886 is divided by 3759?
573
Calculate the remainder when 169084 is divided by 84542.
0
Calculate the remainder when 304372 is divided by 27553.
1289
Calculate the remainder when 3049577 is divided by 50.
27
Calculate the remainder when 14792917 is divided by 205457.
13
Calculate the remainder when 22125 is divided by 22084.
41
Calculate the remainder when 49883216 is divided by 9317.
9315
Calculate the remainder when 20837934 is divided by 208379.
34
What is the remainder when 391738 is divided by 130537?
127
Calculate the remainder when 28358928 is divided by 215.
213
What is the remainder when 3587349 is divided by 256236?
45
What is the remainder when 4531345 is divided by 850?
845
What is the remainder when 339097 is divided by 266?
213
What is the remainder when 11608618 is divided by 43972?
10
Calculate the remainder when 12838292 is divided by 1973.
1954
Calculate the remainder when 239965877 is divided by 1496.
1493
Calculate the remainder when 146252 is divided by 29223.
137
What is the remainder when 7980090 is divided by 3989891?
308
Calculate the remainder when 525433 is divided by 29181.
175
Calculate the remainder when 59978 is divided by 968.
930
Calculate the remainder when 7031797 is divided by 450.
97
Calculate the remainder when 14381130 is divided by 5700.
30
What is the remainder when 51612953 is divided by 133?
42
Calculate the remainder when 6959 is divided by 43.
36
What is the remainder when 29453798 is divided by 10?
8
What is the remainder when 1298548 is divided by 935?
768
What is the remainder when 57858138 is divided by 741771?
0
What is the remainder when 92926410 is divided by 4999?
4998
Calculate the remainder when 1105013 is divided by 266.
49
What is the remainder when 142363 is divided by 142085?
278
What is the remainder when 4420648 is divided by 335?
323
Calculate the remainder when 3567474 is divided by 713486.
44
What is the remainder when 18512 is divided by 965?
177
What is the remainder when 2978012 is divided by 25025?
37
Calculate the remainder when 414294 is divided by 35.
34
Calculate the remainder when 400204 is divided by 1220.
44
Calculate the remainder when 126323814 is divided by 3.
0
Calculate the remainder when 10294075 is divided by 960.
955
What is the remainder when 941925 is divided by 324?
57
What is the remainder when 552936 is divided by 57?
36
What is the remainder when 33253 is divided by 33159?
94
Calculate the remainder when 1604839 is divided by 921.
457
What is the remainder when 2414642 is divided by 1206364?
1914
Calculate the remainder when 2063672388 is divided by 65.
63
What is the remainder when 9872755 is divided by 31?
30
What is the remainder when 993641 is divided by 8716?
17
Calculate the remainder when 13116220 is divided by 88.
84
Calculate the remainder when 1721529 is divided by 50630.
109
Calculate the remainder when 92172706 is divided by 183.
181
What is the remainder when 9696732 is divided by 3232214?
90
Calculate the remainder when 716982712 is divided by 42.
40
Calculate the remainder when 6099497 is divided by 264.
41
What is the remainder when 291989 is divided by 9?
2
What is the remainder when 1488879 is divided by 1488830?
49
What is the remainder when 2512965 is divided by 1936?
37
What is the remainder when 50442349 is divided by 611?
22
Calculate the remainder when 9347879 is divided by 4673932.
15
What is the remainder when 6048977 is divided by 208584?
41
Calculate the remainder when 1455164 is divided by 485038.
50
Calculate the remainder when 323565 is divided by 4280.
2565
What is the remainder when 553527 is divided by 7096?
39
Calculate the remainder when 3468526 is divided by 55.
6
What is the remainder when 316260 is divided by 11706?
198
What is the remainder when 5484164 is divided by 1828004?
152
Calculate the remainder when 64224025 is divided by 21.
19
What is the remainder when 728700 is divided by 5358?
12
What is the remainder when 20722380 is divided by 1154?
2
What is the remainder when 222952 is divided by 4422?
1852
Calculate the remainder when 88031 is divided by 43946.
139
What is the remainder when 3668865 is divided by 193?
128
What is the remainder when 45364569 is divided by 22?
19
What is the remainder when 1366594 is divided by 170743?
650
Calculate the remainder when 585956 is divided by 70.
56
What is the remainder when 15380729 is divided by 2197247?
0
What is the remainder when 119594 is divided by 1638?
20
Calculate the remainder when 440405 is divided by 440130.
275
Calculate the remainder when 2195434 is divided by 2885.
2834
What is the remainder when 7011391 is divided by 20?
11
What is the remainder when 724608 is divided by 253?
16
What is the remainder when 25169207 is divided by 29?
20
What is the remainder when 433204 is divided by 591?
1
What is the remainder when 1510247 is divided by 413?
319
Calculate the remainder when 33385610 is divided by 8346395.
30
What is the remainder when 92253 is divided by 92227?
26
What is the remainder when 3232446 is divided by 18366?
30
What is the remainder when 11276296 is divided by 37?
28
What is the remainder when 924341 is divided by 924325?
16
Calculate the remainder when 72455340 is divided by 471.
468
What is the remainder when 91089 is divided by 45467?
155
Calculate the remainder when 7082740 is divided by 197.
196
Calculate the remainder when 19424036 is divided by 3697.
3695
Calculate the remainder when 6438697 is divided by 413.
27
What is the remainder when 431078 is divided by 142914?
2336
What is the remainder when 46817 is divided by 23216?
385
What is the remainder when 3546 is divided by 936?
738
Calculate the remainder when 370993 is divided by 1502.
1501
What is the remainder when 641761970 is divided by 38?
34
What is the remainder when 146741 is divided by 1442?
1099
Calculate the remainder when 441486 is divided by 3423.
3342
Calculate the remainder when 472409 is divided by 14315.
14
Calculate the remainder when 628489 is divided by 1529.
70
What is the remainder when 33772 is divided by 2201?
757
What is the remainder when 27758524 is divided by 357?
346
Calculate the remainder when 46851 is divided by 2177.
1134
What is the remainder when 2433157 is divided by 486624?
37
What is the remainder when 14867 is divided by 6883?
1101
What is the remainder when 1851077 is divided by 14691?
11
Calculate the remainder when 117753 is divided by 19624.
9
What is the remainder when 104105 is divided by 5466?
251
Calculate the remainder when 3097060 is divided by 21359.
5
Calculate the remainder when 314330 is divided by 104767.
29
What is the remainder when 41030 is divided by 88?
22
Calculate the remainder when 3229906 is divided by 629.
620
What is the remainder when 13242865 is divided by 25?
15
What is the remainder when 5783801 is divided by 3025?
1
What is the remainder when 187877 is divided by 37561?
72
Calculate the remainder when 216279 is divided by 624.
375
What is the remainder when 38310044 is divided by 1577?
1560
Calculate the remainder when 31752 is divided by 10095.
1467
Calculate the remainder when 619382 is divided by 181.
0
What is the remainder when 63856953 is divided by 214?
209
What is the remainder when 44715695 is divided by 78?
11
Calculate the remainder when 1564887 is divided by 312975.
12
What is the remainder when 1116584 is divided by 390?
14
What is the remain